187263610?
2
What is the thousands digit of 529147910?
7
What is the thousands digit of 2478665525?
5
What is the millions digit of 1159708840?
9
What is the tens digit of 6611075?
7
What is the ten millions digit of 678763069?
7
What is the billions digit of 6309181657?
6
What is the tens digit of 191715329?
2
What is the hundreds digit of 1938973063?
0
What is the hundred millions digit of 1758478031?
7
What is the hundreds digit of 309944517?
5
What is the hundreds digit of 1026890749?
7
What is the hundred thousands digit of 8047496?
0
What is the hundred millions digit of 2424275929?
4
What is the thousands digit of 746256971?
6
What is the hundreds digit of 48290866?
8
What is the ten thousands digit of 144576721?
7
What is the units digit of 148964052?
2
What is the ten millions digit of 79384817?
7
What is the hundreds digit of 145783036?
0
What is the ten thousands digit of 55215531?
1
What is the ten thousands digit of 20431896?
3
What is the units digit of 4206493649?
9
What is the hundred thousands digit of 431896293?
8
What is the hundred thousands digit of 97158474?
1
What is the hundred millions digit of 2538212733?
5
What is the tens digit of 60810012?
1
What is the hundred thousands digit of 2624488048?
4
What is the hundred millions digit of 1423310736?
4
What is the hundreds digit of 353300188?
1
What is the millions digit of 337411147?
7
What is the hundred thousands digit of 13848871?
8
What is the hundred thousands digit of 2847224?
8
What is the hundreds digit of 2565025082?
0
What is the hundred millions digit of 134894557?
1
What is the hundred thousands digit of 644951346?
9
What is the tens digit of 484527249?
4
What is the hundred thousands digit of 85776219?
7
What is the hundred millions digit of 231801785?
2
What is the hundreds digit of 25899443?
4
What is the hundreds digit of 247045249?
2
What is the thousands digit of 282964652?
4
What is the hundreds digit of 88741934?
9
What is the hundreds digit of 79945462?
4
What is the hundred thousands digit of 45744333?
7
What is the hundred thousands digit of 13263554?
2
What is the hundred millions digit of 372972276?
3
What is the units digit of 4689461663?
3
What is the billions digit of 1142543623?
1
What is the hundreds digit of 38226407?
4
What is the billions digit of 1090806179?
1
What is the hundreds digit of 12049412?
4
What is the millions digit of 6442216510?
2
What is the units digit of 7985941?
1
What is the hundreds digit of 73044762?
7
What is the ten millions digit of 419820451?
1
What is the ten thousands digit of 1048320343?
2
What is the thousands digit of 523806851?
6
What is the ten thousands digit of 2465490128?
9
What is the ten millions digit of 40581847?
4
What is the ten millions digit of 121866078?
2
What is the hundred millions digit of 281625456?
2
What is the ten thousands digit of 2827539866?
3
What is the ten millions digit of 124135557?
2
What is the millions digit of 32323892?
2
What is the hundreds digit of 110621396?
3
What is the hundred millions digit of 841529555?
8
What is the units digit of 154456420?
0
What is the ten millions digit of 12155756?
1
What is the thousands digit of 29148478?
8
What is the ten thousands digit of 8176057862?
5
What is the tens digit of 414622465?
6
What is the tens digit of 16284136?
3
What is the ten millions digit of 324223361?
2
What is the hundreds digit of 57345805?
8
What is the ten thousands digit of 874404298?
0
What is the millions digit of 125147395?
5
What is the thousands digit of 6623696831?
6
What is the hundreds digit of 852434127?
1
What is the ten millions digit of 35274390?
3
What is the thousands digit of 1046863541?
3
What is the units digit of 26372873?
3
What is the units digit of 28834034?
4
What is the ten thousands digit of 2689874?
8
What is the hundred millions digit of 103063286?
1
What is the units digit of 396132860?
0
What is the hundred millions digit of 926560492?
9
What is the hundred millions digit of 342807439?
3
What is the millions digit of 50325353?
0
What is the ten thousands digit of 147089864?
8
What is the units digit of 2096762139?
9
What is the hundred thousands digit of 209942930?
9
What is the units digit of 19515310?
0
What is the hundreds digit of 49796804?
8
What is the units digit of 997948863?
3
What is the hundreds digit of 1389211761?
7
What is the tens digit of 6536475?
7
What is the ten thousands digit of 587511?
8
What is the thousands digit of 321744794?
4
What is the hundreds digit of 154069600?
6
What is the millions digit of 392985805?
2
What is the ten thousands digit of 188435038?
3
What is the ten thousands digit of 1573123719?
2
What is the hundreds digit of 549101462?
4
What is the hundred millions digit of 1042301124?
0
What is the tens digit of 182185312?
1
What is the hundred millions digit of 5437410356?
4
What is the ten millions digit of 3267561035?
6
What is the millions digit of 28837257?
8
What is the ten millions digit of 78322955?
7
What is the thousands digit of 955059969?
9
What is the thousands digit of 3517435144?
5
What is the thousands digit of 131589138?
9
What is the ten millions digit of 21565603?
2
What is the tens digit of 19327661?
6
What is the ten thousands digit of 218063586?
6
What is the hundred thousands digit of 825980424?
9
What is the hundred thousands digit of 756180897?
1
What is the hundreds digit of 171498980?
9
What is the hundreds digit of 808275747?
7
What is the tens digit of 56504953?
5
What is the hundreds digit of 305034972?
9
What is the hundred thousands digit of 138333114?
3
What is the units digit of 57525426?
6
What is the thousands digit of 237052633?
2
What is the millions digit of 99302152?
9
What is the thousands digit of 36123248?
3
What is the units digit of 34519217?
7
What is the hundreds digit of 190425553?
5
What is the ten millions digit of 44240085?
4
What is the ten millions digit of 2239556522?
3
What is the hundred thousands digit of 4340569?
3
What is the hundred thousands digit of 2356243381?
2
What is the units digit of 1654920451?
1
What is the hundred millions digit of 388951155?
3
What is the units digit of 700480469?
9
What is the hundreds digit of 72562088?
0
What is the hundreds digit of 155854184?
1
What is the units digit of 7951023?
3
What is the ten thousands digit of 5563828308?
2
What is the hundreds digit of 2154370301?
3
What is the ten thousands digit of 1201654898?
5
What is the ten millions digit of 357326652?
5
What is the thousands digit of 32967420?
7
What is the tens digit of 264606203?
0
What is the thousands digit of 93818409?
8
What is the units digit of 2123583934?
4
What is the hundreds digit of 577773935?
9
What is the units digit of 50280440?
0
What is the ten thousands digit of 599082224?
8
What is the ten thousands digit of 116953317?
5
What is the hundred millions digit of 144958191?
1
What is the millions digit of 135688827?
5
What is the ten millions digit of 104522203?
0
What is the thousands digit of 404698809?
8
What is the hundreds digit of 49411021?
0
What is the ten millions digit of 433297570?
3
What is the tens digit of 4685363378?
7
What is the ten thousands digit of 8118547881?
4
What is the millions digit of 48459708?
8
What is the ten thousands digit of 458753722?
5
What is the units digit of 367730548?
8
What is the ten millions digit of 436494594?
3
What is the ten thousands digit of 310986455?
8
What is the hundreds digit of 11992463?
4
What is the millions digit of 161942573?
1
What is the ten thousands digit of 285221839?
2
What is the units digit of 2531870829?
9
What is the hundred thousands digit of 159806970?
8
What is the thousands digit of 125956401?
6
What is the millions digit of 423730319?
3
What is the hundreds digit of 18909492?
4
What is the hundred thousands digit of 81321533?
3
What is the ten millions digit of 26081095?
2
What is the tens digit of 30381234?
3
What is the units digit of 2080993446?
6
What is the hundreds digit of 3406160159?
1
What is the tens digit of 309896691?
9
What is the ten millions digit of 3224725190?
2
What is the hundreds digit of 61365456?
4
What is the ten thousands digit of 25922039?
2
What is the tens digit of 6020875288?
8
What is the hundreds digit of 71375212?
2
Wha